{"id":472,"date":"2021-06-17T22:19:52","date_gmt":"2021-06-17T22:19:52","guid":{"rendered":"https:\/\/himinnoghaf.is\/loftslagsmal\/?page_id=472"},"modified":"2024-02-20T17:59:34","modified_gmt":"2024-02-20T17:59:34","slug":"um-vefinn","status":"publish","type":"page","link":"https:\/\/himinnoghaf.is\/loftslagsmal\/um-vefinn\/","title":{"rendered":"Um vefinn"},"content":{"rendered":"\n<p>\u00deetta er fr\u00e6\u00f0sluvefur um losun gr\u00f3\u00f0urh\u00fasalofttegunda og skuldbindingar \u00cdslands \u00ed loftslagsm\u00e1lum. Vefurinn var unninn me\u00f0 styrk fr\u00e1 <a href=\"https:\/\/www.rannis.is\/sjodir\/rannsoknir\/loftslagssjodur\/\">Loftslagssj\u00f3\u00f0i<\/a>.<\/p>\n\n\n\n<p>H\u00f6fundur efnis s\u00ed\u00f0unnar er Birna Sigr\u00fan Hallsd\u00f3ttir, umhverfisverkfr\u00e6\u00f0ingur. Birna starfa\u00f0i hj\u00e1 Umhverfisstofnun \u00ed 14 \u00e1r og s\u00e1 \u00fear m.a. um landsb\u00f3khald \u00cdslands og skil til skrifstofu loftslagssamningsins, auk \u00feess a\u00f0 gegna lykilhlutverki vi\u00f0 innlei\u00f0ingu vi\u00f0skiptakerfis ESB me\u00f0 losunarheimildir (ETS) \u00e1 \u00cdslandi. Birna hefur r\u00e9ttindi til a\u00f0 taka \u00fat \u00fatreikninga annarra \u00fej\u00f3\u00f0a \u00e1 losun gr\u00f3\u00f0urh\u00fasalofttegunda og hefur veri\u00f0 hluti af \u00fattektarteymum \u00e1 vegum loftslagssamningsins sem hafa teki\u00f0 \u00fat b\u00f3khald Lith\u00e1ens, Belg\u00edu, Hollands, \u00cdrlands, \u00cdtal\u00edu, Grikklands, N\u00fdja-Sj\u00e1lands, Sl\u00f3vak\u00edu, Sv\u00ed\u00fej\u00f3\u00f0ar og Sviss. Birna h\u00f3f st\u00f6rf sem r\u00e1\u00f0gjafi hj\u00e1 Environice \u00e1ri\u00f0 2013 og vann \u00fear \u00ed 9 \u00e1r. Me\u00f0al verkefna Environice \u00e1 svi\u00f0i loftslagsm\u00e1la \u00e1 \u00feeim t\u00edma m\u00e1 nefna r\u00e1\u00f0gj\u00f6f til fyrirt\u00e6kja innan ETS, \u00fattekt \u00e1 innvi\u00f0um kolefnisj\u00f6fnunar \u00e1 \u00cdslandi, \u00fatreikninga \u00e1 kolefnisspori landshluta og \u00fatreikninga \u00e1 kolefnisspori \u00fdmissa matv\u00e6la (t.d. eggja, kj\u00faklinga, lambakj\u00f6ts og gr\u00e6nmetis).<\/p>\n\n\n\n<figure class=\"wp-block-image size-large is-style-in-data-column-and-sticky\"><a href=\"https:\/\/himinnoghaf.is\/loftslagsmal\/wp-content\/uploads\/bessastadir-votlendi.jpg\"><img loading=\"lazy\" decoding=\"async\" width=\"1024\" height=\"445\" src=\"https:\/\/himinnoghaf.is\/loftslagsmal\/wp-content\/uploads\/bessastadir-votlendi-1024x445.jpg\" alt=\"\" class=\"wp-image-756\" srcset=\"https:\/\/himinnoghaf.is\/loftslagsmal\/wp-content\/uploads\/bessastadir-votlendi-1024x445.jpg 1024w, https:\/\/himinnoghaf.is\/loftslagsmal\/wp-content\/uploads\/bessastadir-votlendi-300x130.jpg 300w, https:\/\/himinnoghaf.is\/loftslagsmal\/wp-content\/uploads\/bessastadir-votlendi-768x334.jpg 768w, https:\/\/himinnoghaf.is\/loftslagsmal\/wp-content\/uploads\/bessastadir-votlendi.jpg 1276w\" sizes=\"auto, (max-width: 1024px) 100vw, 1024px\" \/><\/a><figcaption class=\"wp-element-caption\">\u00c1ri\u00f0 2018 f\u00e9kk Birna KS\u00cd til a\u00f0 kolefnisjafna f\u00f6r \u00edslenska karlalandsli\u00f0sins \u00ed f\u00f3tbolta \u00e1 HM \u00ed R\u00fasslandi, sj\u00e1 n\u00e1nar \u00ed fr\u00e9tt \u00e1 vef KS\u00cd: <a href=\"https:\/\/www.ksi.is\/um-ksi\/frettir\/frettasafn\/frett\/2018\/06\/07\/KSI-kolefnisjafnar-ferd-landslidsins-a-HM-i-Russlandi-i-samstarfi-vid-Votlendissjodinn\/\" target=\"_blank\" rel=\"noreferrer noopener\">https:\/\/www.ksi.is\/um-ksi\/frettir\/frettasafn\/frett\/2018\/06\/07\/KSI-kolefnisjafnar-ferd-landslidsins-a-HM-i-Russlandi-i-samstarfi-vid-Votlendissjodinn\/ <\/a><\/figcaption><\/figure>\n\n\n\n<p>Sigur\u00f0ur Finnsson, sj\u00e1lfst\u00e6tt starfandi \u00e1 svi\u00f0i t\u00f6lvut\u00e6kni, s\u00e1 um h\u00f6nnun og forritun vefsins.<\/p>\n\n\n\n<p>Stef\u00e1n G\u00edslason, umhverfisstj\u00f3rnunarfr\u00e6\u00f0ingur, og Hrafnhildur Bragad\u00f3ttir, l\u00f6gfr\u00e6\u00f0ingur, l\u00e1su efni s\u00ed\u00f0unnar yfir.<\/p>\n\n\n\n<h2 class=\"wp-block-heading\">Notkun \u00e1 vafrak\u00f6kum<\/h2>\n\n\n\n<p><a href=\"\/cookies.php\" target=\"_blank\" rel=\"noreferrer noopener\">Sj\u00e1 n\u00e1nar um notkun \u00e1 vafrak\u00f6kum \u00e1 vefnum<\/a><\/p>\n","protected":false},"excerpt":{"rendered":"<p>\u00deetta er fr\u00e6\u00f0sluvefur um losun gr\u00f3\u00f0urh\u00fasalofttegunda og skuldbindingar \u00cdslands \u00ed loftslagsm\u00e1lum. Vefurinn var unninn me\u00f0 styrk fr\u00e1 Loftslagssj\u00f3\u00f0i. H\u00f6fundur efnis s\u00ed\u00f0unnar er Birna Sigr\u00fan Hallsd\u00f3ttir, umhverfisverkfr\u00e6\u00f0ingur. Birna starfa\u00f0i hj\u00e1 Umhverfisstofnun \u00ed 14 \u00e1r og s\u00e1 \u00fear m.a. um landsb\u00f3khald \u00cdslands og skil til skrifstofu loftslagssamningsins, auk \u00feess a\u00f0 gegna lykilhlutverki vi\u00f0 innlei\u00f0ingu vi\u00f0skiptakerfis ESB me\u00f0 [&hellip;]<\/p>\n","protected":false},"author":2,"featured_media":0,"parent":0,"menu_order":0,"comment_status":"closed","ping_status":"closed","template":"","meta":{"footnotes":""},"class_list":["post-472","page","type-page","status-publish","hentry"],"_links":{"self":[{"href":"https:\/\/himinnoghaf.is\/loftslagsmal\/wp-json\/wp\/v2\/pages\/472","targetHints":{"allow":["GET"]}}],"collection":[{"href":"https:\/\/himinnoghaf.is\/loftslagsmal\/wp-json\/wp\/v2\/pages"}],"about":[{"href":"https:\/\/himinnoghaf.is\/loftslagsmal\/wp-json\/wp\/v2\/types\/page"}],"author":[{"embeddable":true,"href":"https:\/\/himinnoghaf.is\/loftslagsmal\/wp-json\/wp\/v2\/users\/2"}],"replies":[{"embeddable":true,"href":"https:\/\/himinnoghaf.is\/loftslagsmal\/wp-json\/wp\/v2\/comments?post=472"}],"version-history":[{"count":16,"href":"https:\/\/himinnoghaf.is\/loftslagsmal\/wp-json\/wp\/v2\/pages\/472\/revisions"}],"predecessor-version":[{"id":1044,"href":"https:\/\/himinnoghaf.is\/loftslagsmal\/wp-json\/wp\/v2\/pages\/472\/revisions\/1044"}],"wp:attachment":[{"href":"https:\/\/himinnoghaf.is\/loftslagsmal\/wp-json\/wp\/v2\/media?parent=472"}],"curies":[{"name":"wp","href":"https:\/\/api.w.org\/{rel}","templated":true}]}}

<p>Þetta er fræðsluvefur um losun gróðurhúsalofttegunda og skuldbindingar Íslands í loftslagsmálum. Vefurinn var unninn með styrk frá <a href="https://www.rannis.is/sjodir/rannsoknir/loftslagssjodur/">Loftslagssjóði</a>.</p>



<p>Höfundur efnis síðunnar er Birna Sigrún Hallsdóttir, umhverfisverkfræðingur. Birna starfaði hjá Umhverfisstofnun í 14 ár og sá þar m.a. um landsbókhald Íslands og skil til skrifstofu loftslagssamningsins, auk þess að gegna lykilhlutverki við innleiðingu viðskiptakerfis ESB með losunarheimildir (ETS) á Íslandi. Birna hefur réttindi til að taka út útreikninga annarra þjóða á losun gróðurhúsalofttegunda og hefur verið hluti af úttektarteymum á vegum loftslagssamningsins sem hafa tekið út bókhald Litháens, Belgíu, Hollands, Írlands, Ítalíu, Grikklands, Nýja-Sjálands, Slóvakíu, Svíþjóðar og Sviss. Birna hóf störf sem ráðgjafi hjá Environice árið 2013 og vann þar í 9 ár. Meðal verkefna Environice á sviði loftslagsmála á þeim tíma má nefna ráðgjöf til fyrirtækja innan ETS, úttekt á innviðum kolefnisjöfnunar á Íslandi, útreikninga á kolefnisspori landshluta og útreikninga á kolefnisspori ýmissa matvæla (t.d. eggja, kjúklinga, lambakjöts og grænmetis).</p>



<figure class="wp-block-image size-large is-style-in-data-column-and-sticky"><a href="https://himinnoghaf.is/loftslagsmal/wp-content/uploads/bessastadir-votlendi.jpg"><img loading="lazy" decoding="async" width="1024" height="445" src="https://himinnoghaf.is/loftslagsmal/wp-content/uploads/bessastadir-votlendi-1024x445.jpg" alt="" class="wp-image-756" srcset="https://himinnoghaf.is/loftslagsmal/wp-content/uploads/bessastadir-votlendi-1024x445.jpg 1024w, https://himinnoghaf.is/loftslagsmal/wp-content/uploads/bessastadir-votlendi-300x130.jpg 300w, https://himinnoghaf.is/loftslagsmal/wp-content/uploads/bessastadir-votlendi-768x334.jpg 768w, https://himinnoghaf.is/loftslagsmal/wp-content/uploads/bessastadir-votlendi.jpg 1276w" sizes="auto, (max-width: 1024px) 100vw, 1024px" /></a><figcaption class="wp-element-caption">Árið 2018 fékk Birna KSÍ til að kolefnisjafna för íslenska karlalandsliðsins í fótbolta á HM í Rússlandi, sjá nánar í frétt á vef KSÍ: <a href="https://www.ksi.is/um-ksi/frettir/frettasafn/frett/2018/06/07/KSI-kolefnisjafnar-ferd-landslidsins-a-HM-i-Russlandi-i-samstarfi-vid-Votlendissjodinn/" target="_blank" rel="noreferrer noopener">https://www.ksi.is/um-ksi/frettir/frettasafn/frett/2018/06/07/KSI-kolefnisjafnar-ferd-landslidsins-a-HM-i-Russlandi-i-samstarfi-vid-Votlendissjodinn/ </a></figcaption></figure>



<p>Sigurður Finnsson, sjálfstætt starfandi á sviði tölvutækni, sá um hönnun og forritun vefsins.</p>



<p>Stefán Gíslason, umhverfisstjórnunarfræðingur, og Hrafnhildur Bragadóttir, lögfræðingur, lásu efni síðunnar yfir.</p>



<h2 class="wp-block-heading">Notkun á vafrakökum</h2>



<p><a href="/cookies.php" target="_blank" rel="noreferrer noopener">Sjá nánar um notkun á vafrakökum á vefnum</a></p>

<p>Þetta er fræðsluvefur um losun gróðurhúsalofttegunda og skuldbindingar Íslands í loftslagsmálum. Vefurinn var unninn með styrk frá Loftslagssjóði. Höfundur efnis síðunnar er Birna Sigrún Hallsdóttir, umhverfisverkfræðingur. Birna starfaði hjá Umhverfisstofnun í 14 ár og sá þar m.a. um landsbókhald Íslands og skil til skrifstofu loftslagssamningsins, auk þess að gegna lykilhlutverki við innleiðingu viðskiptakerfis ESB með [&hellip;]</p>
